{"id":127,"date":"2023-12-20T20:31:44","date_gmt":"2023-12-20T20:31:44","guid":{"rendered":"https:\/\/www.amigurumipopolsku.pl\/i\/?post_type=product&#038;p=127"},"modified":"2023-12-20T20:31:44","modified_gmt":"2023-12-20T20:31:44","slug":"krolik-amigurumi-wzor-do-pobrania-pdf","status":"publish","type":"product","link":"https:\/\/www.amigurumipopolsku.pl\/i\/?product=krolik-amigurumi-wzor-do-pobrania-pdf","title":{"rendered":"Kr\u00f3lik Amigurumi &#8211; wz\u00f3r do pobrania PDF"},"content":{"rendered":"<p>Amigurumi Bia\u0142y Kr\u00f3lik- Wz\u00f3r PDF<\/p>\n<p>Plik PDF z opisem jak zrobi\u0107 kr\u00f3lika\u00a0 na szyde\u0142ku.<\/p>\n<p>Po dokonaniu zam\u00f3wienia plik jest wysy\u0142any na podany adres mailowy.<\/p>\n","protected":false},"excerpt":{"rendered":"<p>Amigurumi Bia\u0142y Kr\u00f3lik- Wz\u00f3r PDF Plik PDF z opisem jak zrobi\u0107 kr\u00f3lika\u00a0 na szyde\u0142ku. Po dokonaniu zam\u00f3wienia plik jest wysy\u0142any na podany adres mailowy.<\/p>\n","protected":false},"featured_media":128,"template":"","meta":[],"product_brand":[],"product_cat":[19],"product_tag":[],"class_list":{"0":"post-127","1":"product","2":"type-product","3":"status-publish","4":"has-post-thumbnail","6":"product_cat-wzory-do-pobrania-pdf","8":"first","9":"outofstock","10":"shipping-taxable","11":"purchasable","12":"product-type-simple"},"_links":{"self":[{"href":"https:\/\/www.amigurumipopolsku.pl\/i\/index.php?rest_route=\/wp\/v2\/product\/127","targetHints":{"allow":["GET"]}}],"collection":[{"href":"https:\/\/www.amigurumipopolsku.pl\/i\/index.php?rest_route=\/wp\/v2\/product"}],"about":[{"href":"https:\/\/www.amigurumipopolsku.pl\/i\/index.php?rest_route=\/wp\/v2\/types\/product"}],"wp:featuredmedia":[{"embeddable":true,"href":"https:\/\/www.amigurumipopolsku.pl\/i\/index.php?rest_route=\/wp\/v2\/media\/128"}],"wp:attachment":[{"href":"https:\/\/www.amigurumipopolsku.pl\/i\/index.php?rest_route=%2Fwp%2Fv2%2Fmedia&parent=127"}],"wp:term":[{"taxonomy":"product_brand","embeddable":true,"href":"https:\/\/www.amigurumipopolsku.pl\/i\/index.php?rest_route=%2Fwp%2Fv2%2Fproduct_brand&post=127"},{"taxonomy":"product_cat","embeddable":true,"href":"https:\/\/www.amigurumipopolsku.pl\/i\/index.php?rest_route=%2Fwp%2Fv2%2Fproduct_cat&post=127"},{"taxonomy":"product_tag","embeddable":true,"href":"https:\/\/www.amigurumipopolsku.pl\/i\/index.php?rest_route=%2Fwp%2Fv2%2Fproduct_tag&post=127"}],"curies":[{"name":"wp","href":"https:\/\/api.w.org\/{rel}","templated":true}]}}